 base 12.
4
Convert 0 (base 14) to base 16.
0
-5 (base 14) to base 5
-10
What is -11 (base 2) in base 4?
-3
-30 (base 5) to base 14
-11
Convert -36 (base 13) to base 3.
-1200
Convert 42 (base 7) to base 12.
26
What is 15 (base 11) in base 14?
12
What is 50 (base 7) in base 4?
203
Convert -32 (base 6) to base 2.
-10100
Convert -6 (base 10) to base 14.
-6
Convert -3 (base 10) to base 13.
-3
-3 (base 14) to base 12
-3
What is -101100 (base 2) in base 15?
-2e
-2222 (base 4) to base 2
-10101010
10 (base 4) to base 12
4
What is 14 (base 5) in base 10?
9
What is 3 (base 6) in base 3?
10
Convert 110011 (base 2) to base 9.
56
Convert 0 (base 7) to base 11.
0
What is -1e (base 16) in base 3?
-1010
Convert 52 (base 12) to base 8.
76
What is -10 (base 15) in base 6?
-23
What is -141 (base 6) in base 16?
-3d
Convert 4 (base 16) to base 9.
4
Convert 110100 (base 2) to base 16.
34
Convert -11 (base 2) to base 6.
-3
Convert -1 (base 10) to base 15.
-1
Convert 1001 (base 2) to base 13.
9
11 (base 5) to base 2
110
-f (base 16) to base 8
-17
What is 75 (base 13) in base 5?
341
Convert -1 (base 15) to base 4.
-1
Convert 4 (base 13) to base 14.
4
What is 4 (base 15) in base 11?
4
Convert 104 (base 10) to base 6.
252
Convert 4 (base 9) to base 6.
4
Convert 1 (base 6) to base 15.
1
What is 275 (base 9) in base 14?
126
Convert -60 (base 14) to base 8.
-124
-10100 (base 2) to base 9
-22
Convert -2 (base 5) to base 10.
-2
2 (base 6) to base 7
2
What is -121 (base 5) in base 16?
-24
-3 (base 5) to base 16
-3
Convert -20 (base 8) to base 10.
-16
Convert -10 (base 2) to base 4.
-2
-2 (base 7) to base 9
-2
Convert 22 (base 5) to base 12.
10
-16 (base 11) to base 16
-11
What is -111002 (base 3) in base 2?
-101100001
Convert 3 (base 8) to base 6.
3
What is -2 (base 3) in base 11?
-2
0 (base 15) to base 3
0
What is -36 (base 9) in base 5?
-113
14 (base 7) to base 16
b
What is -26 (base 11) in base 2?
-11100
Convert 47 (base 15) to base 2.
1000011
What is 11100 (base 2) in base 7?
40
Convert 220 (base 3) to base 10.
24
What is -3 (base 14) in base 6?
-3
3b (base 13) to base 7
101
-13 (base 10) to base 9
-14
4 (base 6) to base 15
4
-10 (base 10) to base 7
-13
93 (base 11) to base 3
10210
Convert -d (base 16) to base 14.
-d
Convert -84 (base 10) to base 9.
-103
Convert 1 (base 9) to base 6.
1
Convert -1001 (base 2) to base 7.
-12
What is 1a4 (base 13) in base 10?
303
What is -19a (base 12) in base 13?
-172
Convert 1 (base 11) to base 3.
1
Convert 135 (base 7) to base 9.
83
Convert 10100111 (base 2) to base 4.
2213
Convert -564 (base 7) to base 2.
-100100011
What is -122 (base 7) in base 9?
-72
-142 (base 7) to base 16
-4f
Convert -314 (base 7) to base 13.
-c2
What is 0 (base 14) in base 5?
0
What is -51 (base 8) in base 11?
-38
Convert -51 (base 14) to base 10.
-71
What is -128 (base 11) in base 14?
-ab
Convert 1 (base 11) to base 12.
1
What is 110011 (base 2) in base 13?
3c
Convert -16 (base 15) to base 11.
-1a
Convert 15a (base 13) to base 7.
466
4 (base 7) to base 16
4
-1 (base 12) to base 14
-1
Convert -7 (base 10) to base 8.
-7
11 (base 4) to base 11
5
0 (base 11) to base 8
0
-3 (base 9) to base 13
-3
What is -432 (base 8) in base 4?
-10122
What is -1 (base 5) in base 13?
-1
What is 36 (base 11) in base 5?
124
Convert 10222 (base 3) to base 7.
212
Convert -11100011 (base 2) to base 11.
-197
Convert 3 (base 10) to base 3.
10
Convert -2 (base 7) to base 16.
-2
What is 1 (base 5) in base 3?
1
1 (base 2) to base 10
1
Convert -1212 (base 4) to base 12.
-86
Convert 0 (base 12) to base 13.
0
Convert 134 (base 7) to base 16.
4a
-a (base 12) to base 7
-13
What is 30 (base 4) in base 7?
15
-2 (base 9) to base 4
-2
3 (base 4) to base 7
3
-3 (base 15) to base 14
-3
6c (base 13) to base 2
1011010
-60 (base 15) to base 6
-230
-1 (base 6) to base 2
-1
-1204 (base 5) to base 11
-153
What is -6 (base 15) in base 4?
-12
Convert 18 (base 14) to base 6.
34
Convert 20 (base 8) to base 14.
12
Convert 4 (base 6) to base 2.
100
What is -5 (base 13) in base 2?
-101
Convert -525 (base 7) to base 10.
-264
-11 (base 2) to base 12
-3
-20 (base 3) to base 4
-12
f4 (base 16) to base 5
1434
-111 (base 2) to base 4
-13
-4 (base 6) to base 8
-4
Convert 200 (base 3) to base 13.
15
Convert 11 (base 6) to base 8.
7
-11110 (base 2) to base 10
-30
-12 (base 5) to base 14
-7
Convert -200 (base 6) to base 4.
-1020
-3 (base 5) to base 2
-11
Convert -b (base 12) to base 8.
-13
What is b (base 15) in base 4?
23
-5b (base 14) to base 9
-100
Convert 58 (base 11) to base 7.
120
-1201 (base 3) to base 2
-101110
-253 (base 11) to base 15
-150
-26 (base 15) to base 4
-210
-43 (base 6) to base 4
-123
-1001 (base 2) to base 3
-100
-1 (base 16) to base 14
-1
Convert -1100101 (base 2) to base 5.
-401
Convert -16 (base 13) to base 9.
-21
What is 2c (base 15) in base 7?
60
-1a (base 14) to base 2
-11000
-1 (base 15) to base 13
-1
What is 13 (base 6) in base 4?
21
What is -10 (base 3) in base 8?
-3
What is -1123 (base 4) in base 8?
-133
Convert 4 (base 15) to base 8.
4
3 (base 10) to base 13
3
What is -3 (base 10) in base 4?
-3
What is -25 (base 13) in base 5?
-111
-102 (base 3) to base 12
-b
-324 (base 8) to base 12
-158
Convert c7 (base 16) to base 3.
21101
Convert 185 (base 9) to base 15.
a8
-10 (base 2) to base 3
-2
Convert 214 (base 14) to base 15.
1c5
2 (base 6) to base 14
2
Convert 7 (base 14) to base 6.
11
33 (base 5) to base 7
24
Convert -2 (base 5) to base 11.
-2
-12 (base 3) to base 8
-5
Convert -3 (base 7) to base 2.
-11
Convert 55 (base 6) to base 7.
50
-1d (base 15) to base 2
-11100
Convert 1 (base 11) to base 12.
1
What is 3 (base 4) in base 6?
3
22 (base 7) to base 13
13
10120 (base 3) to base 16
60
10 (base 6) to base 13
6
Convert 20 (base 8) to base 9.
17
Convert -74 (base 11) to base 16.
-51
Convert -45 (base 8) to base 5.
-122
Convert -9e (base 16) to base 8.
-236
What is d (base 16) in base 12?
11
Convert -5 (base 6) to base 7.
-5
Convert 11 (base 4) to base 9.
5
Convert -8 (base 16) to base 13.
-8
What is 8 (base 14) in base 2?
1000
103 (base 9) to base 16
54
-182 (base 12) to base 7
-464
78 (base 9) to base 7
131
What is -4 (base 5) in base 3?
-11
Convert 153 (base 7) to base 14.
63
What is -c (base 13) in base 16?
-c
What is -4 (base 13) in base 11?
-4
2 (base 10) to base 3
2
3b (base 12) to base 14
35
2 (base 5) to base 12
2
1344 (base 5) to base 2
11100000
-3 (base 15) to base 13
-3
Convert 6 (base 15) to base 3.
20
1c (base 14) to base 8
32
Convert -2 (base 4) to base 7.
-2
What is -2120 (base 3) in base 4?
-1011
What is -a (base 12) in base 7?
-13
What is -30 (base 10) in base 15?
-20
Convert -eb (base 15) to base 2.
-11011101
-11011101 (base 2) to base 9
-265
Convert -3 (base 6) to base 12.
-3
a (base 15) to base 5
20
What is 0 (base 10) in base 13?
0
What is -1 (base 15) in base 5?
-1
2b (base 14) to base 16
27
Convert 96 (base 14) to base 10.
132
What is 1010000 (base 2) in base 7?
143
Convert 50 (base 14) to base 3.
2121
What is 23 (base 12) in base 2?
11011
What is -2 (base 4) in base 6?
-2
What is -17 (base 13) in base 4?
-110
Convert -1 (base 8) to base 2.
-1
Convert -5 (base 6) to base 5.
-10
What is 25 (base 8) in base 6?
33
Convert -24 (base 10) to base 7.
-33
11 (base 3) to base 12
4
Convert -84 (base 12) to base 9.
-121
Convert -5 (base 14) to base 10.
-5
What is -13 (base 12) in base 13?
-12
-1121 (base 3) to base 2
-101011
Convert 5 (base 12) to base 8.
5
-20 (base 7) to base 6
-22
10 (base 4) to base 7
4
Convert 33 (base 8) to base 11.
25
10001 (base 2) to base 5
32
What is -11 (base 16) in base 5?
-32
Convert 147 (base 11) to base 16.
ac
What is 102 (base 3) in base 9?
12
Convert -3 (base 14) to base 12.
-3
7 (base 11) to base 7
10
What is -6 (base 9) in base 12?
-6
11 (base 2) to base 15
3
What is 7 (base 11) in base 8?
7
What is -6a (base 14) in base 10?
-94
What is 5 (base 15) in base 4?
11
What is -43 (base 13) in base 7?
-106
What is -1 (base 14) in base 10?
-1
-27 (base 9) to base 5
-100
What is -40 (base 5) in base 15?
-15
What is -1 (base 10) in base 3?
-1
Convert 10 (base 2) to base 5.
2
Convert 2 (base 10) to base 6.
2
Convert -3 (base 15) to base 12.
-3
What is -442 (base 6) in base 9?
-208
What is -35 (base 11) in base 8?
-46
What is -143 (base 6) in base 12?
-53
What i